{"id":1492,"date":"2024-05-08T11:02:26","date_gmt":"2024-05-08T17:02:26","guid":{"rendered":"https:\/\/stscloud.com.gt\/store\/?post_type=product&#038;p=1492"},"modified":"2024-05-08T11:04:08","modified_gmt":"2024-05-08T17:04:08","slug":"backup-de-los-sitios-web-configuracion-del-nuevo-hostingmigracion-de-archivos-y-bases-de-datos-configuracion-de-dominios-pruebas-y-verificacion-soporte-post-migracion","status":"publish","type":"product","link":"https:\/\/stscloud.com.gt\/store\/producto\/backup-de-los-sitios-web-configuracion-del-nuevo-hostingmigracion-de-archivos-y-bases-de-datos-configuracion-de-dominios-pruebas-y-verificacion-soporte-post-migracion\/","title":{"rendered":"Backup de los sitios web, Configuraci\u00f3n del nuevo hostingMigraci\u00f3n de archivos y bases de datos, Configuraci\u00f3n de dominios,  Pruebas y verificaci\u00f3n, Soporte post-migraci\u00f3n"},"content":{"rendered":"<ol>\n<li><\/li>\n<\/ol>\n","protected":false},"excerpt":{"rendered":"","protected":false},"featured_media":0,"template":"","meta":[],"product_brand":[],"product_cat":[15],"product_tag":[],"class_list":{"0":"post-1492","1":"product","2":"type-product","3":"status-publish","5":"product_cat-sin-categorizar","7":"first","8":"outofstock","9":"shipping-taxable","10":"purchasable","11":"product-type-simple"},"jetpack_sharing_enabled":true,"_links":{"self":[{"href":"https:\/\/stscloud.com.gt\/store\/wp-json\/wp\/v2\/product\/1492","targetHints":{"allow":["GET"]}}],"collection":[{"href":"https:\/\/stscloud.com.gt\/store\/wp-json\/wp\/v2\/product"}],"about":[{"href":"https:\/\/stscloud.com.gt\/store\/wp-json\/wp\/v2\/types\/product"}],"version-history":[{"count":0,"href":"https:\/\/stscloud.com.gt\/store\/wp-json\/wp\/v2\/product\/1492\/revisions"}],"wp:attachment":[{"href":"https:\/\/stscloud.com.gt\/store\/wp-json\/wp\/v2\/media?parent=1492"}],"wp:term":[{"taxonomy":"product_brand","embeddable":true,"href":"https:\/\/stscloud.com.gt\/store\/wp-json\/wp\/v2\/product_brand?post=1492"},{"taxonomy":"product_cat","embeddable":true,"href":"https:\/\/stscloud.com.gt\/store\/wp-json\/wp\/v2\/product_cat?post=1492"},{"taxonomy":"product_tag","embeddable":true,"href":"https:\/\/stscloud.com.gt\/store\/wp-json\/wp\/v2\/product_tag?post=1492"}],"curies":[{"name":"wp","href":"https:\/\/api.w.org\/{rel}","templated":true}]}}